1093924 is divided by 7059.
6838
What is the remainder when 696395 is divided by 858?
557
What is the remainder when 29426 is divided by 1510?
736
Calculate the remainder when 130461 is divided by 3246.
621
Calculate the remainder when 46428 is divided by 76.
68
What is the remainder when 260500 is divided by 68?
60
What is the remainder when 1700549 is divided by 15?
14
What is the remainder when 1370292 is divided by 710?
702
Calculate the remainder when 535224 is divided by 106443.
3009
What is the remainder when 127854 is divided by 21115?
1164
What is the remainder when 59797953 is divided by 2042?
25
Calculate the remainder when 278354669 is divided by 503.
2
What is the remainder when 18214460 is divided by 162?
152
Calculate the remainder when 1322611 is divided by 146.
143
What is the remainder when 4088712 is divided by 901?
875
Calculate the remainder when 3259540 is divided by 75.
40
What is the remainder when 3728494 is divided by 34?
20
What is the remainder when 21768337 is divided by 5858?
9
Calculate the remainder when 9416245 is divided by 757.
679
Calculate the remainder when 289557646 is divided by 641.
639
What is the remainder when 120311 is divided by 3183?
2540
Calculate the remainder when 1050384 is divided by 40.
24
What is the remainder when 432445 is divided by 6?
1
What is the remainder when 13789128 is divided by 324?
12
Calculate the remainder when 22540845 is divided by 1452.
1449
Calculate the remainder when 614253 is divided by 306659.
935
Calculate the remainder when 1784697 is divided by 25865.
12
Calculate the remainder when 351867 is divided by 848.
795
What is the remainder when 332990 is divided by 13788?
2078
What is the remainder when 2953 is divided by 1555?
1398
What is the remainder when 6712083 is divided by 2161?
17
Calculate the remainder when 7056931 is divided by 5208.
91
Calculate the remainder when 6098030 is divided by 2474.
2094
Calculate the remainder when 14123762 is divided by 2824749.
17
What is the remainder when 47534 is divided by 4998?
2552
Calculate the remainder when 34174 is divided by 30062.
4112
What is the remainder when 3060902 is divided by 765023?
810
Calculate the remainder when 29516 is divided by 4091.
879
Calculate the remainder when 10815 is divided by 2040.
615
What is the remainder when 397570 is divided by 397047?
523
Calculate the remainder when 49723 is divided by 788.
79
What is the remainder when 13981968 is divided by 1997387?
259
Calculate the remainder when 29903707 is divided by 279473.
96
Calculate the remainder when 9764115 is divided by 91.
88
What is the remainder when 26800 is divided by 24309?
2491
What is the remainder when 1286919 is divided by 134?
117
What is the remainder when 10702 is divided by 10618?
84
Calculate the remainder when 139972 is divided by 3252.
136
What is the remainder when 325585932 is divided by 45?
42
Calculate the remainder when 76303205 is divided by 126.
125
Calculate the remainder when 6776042 is divided by 2258614.
200
What is the remainder when 6214145 is divided by 40615?
50
Calculate the remainder when 85161832 is divided by 1177.
1174
Calculate the remainder when 1976213 is divided by 3743.
3652
What is the remainder when 2885077 is divided by 632?
629
Calculate the remainder when 3861895 is divided by 430.
65
What is the remainder when 257093427 is divided by 1307?
1299
What is the remainder when 1569763 is divided by 28?
27
What is the remainder when 640287 is divided by 932?
3
Calculate the remainder when 438791 is divided by 146.
61
Calculate the remainder when 1087960 is divided by 98900.
60
What is the remainder when 2563727 is divided by 185?
182
Calculate the remainder when 28966 is divided by 4823.
28
What is the remainder when 38228422 is divided by 3041?
11
What is the remainder when 60148523 is divided by 25?
23
What is the remainder when 26767669 is divided by 396?
49
Calculate the remainder when 92109 is divided by 2374.
1897
Calculate the remainder when 54086819 is divided by 9014468.
11
Calculate the remainder when 167463 is divided by 136.
47
Calculate the remainder when 66347893 is divided by 15.
13
What is the remainder when 91707836 is divided by 240?
236
What is the remainder when 400449 is divided by 133479?
12
What is the remainder when 3484571 is divided by 470?
461
What is the remainder when 2038217 is divided by 794?
19
Calculate the remainder when 2704028 is divided by 601.
129
What is the remainder when 4111438 is divided by 43?
36
What is the remainder when 661397 is divided by 73471?
158
What is the remainder when 836527 is divided by 16707?
1177
Calculate the remainder when 16712124 is divided by 47.
5
Calculate the remainder when 160899714 is divided by 263.
259
What is the remainder when 18097123 is divided by 6990?
13
What is the remainder when 256627 is divided by 1770?
1747
Calculate the remainder when 5351302 is divided by 3.
1
What is the remainder when 424540 is divided by 381?
106
Calculate the remainder when 10263207 is divided by 2708.
2595
What is the remainder when 2583031 is divided by 58?
1
What is the remainder when 2556883 is divided by 7?
0
Calculate the remainder when 52528175 is divided by 62.
39
What is the remainder when 40611 is divided by 1611?
336
Calculate the remainder when 7968956 is divided by 31.
3
What is the remainder when 1865673 is divided by 280?
33
What is the remainder when 22857 is divided by 22787?
70
What is the remainder when 5908598 is divided by 40?
38
Calculate the remainder when 319201 is divided by 319142.
59
What is the remainder when 27991 is divided by 7808?
4567
Calculate the remainder when 8626724 is divided by 1667.
1666
Calculate the remainder when 228759 is divided by 4668.
27
Calculate the remainder when 846514 is divided by 132.
130
What is the remainder when 31223050 is divided by 55?
45
What is the remainder when 19161470 is divided by 13?
3
What is the remainder when 15493 is divided by 11483?
4010
What is the remainder when 17172151 is divided by 2862024?
7
Calculate the remainder when 501045 is divided by 11.
6
What is the remainder when 81453 is divided by 81428?
25
Calculate the remainder when 142679 is divided by 215.
134
What is the remainder when 1991641 is divided by 797?
735
Calculate the remainder when 735668 is divided by 52546.
24
What is the remainder when 94122 is divided by 992?
874
Calculate the remainder when 254719 is divided by 765.
739
Calculate the remainder when 390161157 is divided by 72.
69
What is the remainder when 7320808 is divided by 448?
40
Calculate the remainder when 6857834 is divided by 220.
214
What is the remainder when 12670488 is divided by 283?
12
What is the remainder when 37442 is divided by 3213?
2099
Calculate the remainder when 488463 is divided by 28732.
19
What is the remainder when 8578052 is divided by 12?
8
Calculate the remainder when 3553443 is divided by 6001.
851
Calculate the remainder when 78532 is divided by 260.
12
What is the remainder when 1282530 is divided by 111?
36
Calculate the remainder when 15061394 is divided by 2451.
2450
What is the remainder when 1355791 is divided by 14423?
29
What is the remainder when 77347048 is divided by 11?
9
Calculate the remainder when 48162143 is divided by 215.
208
Calculate the remainder when 1690551 is divided by 1418.
295
Calculate the remainder when 19450737 is divided by 2431330.
97
What is the remainder when 23121189 is divided by 5?
4
Calculate the remainder when 85640 is divided by 10450.
2040
Calculate the remainder when 60975 is divided by 8313.
2784
What is the remainder when 39056 is divided by 731?
313
What is the remainder when 2226696 is divided by 49482?
6
What is the remainder when 32452396 is divided by 8113098?
4
Calculate the remainder when 1057645 is divided by 1057636.
9
What is the remainder when 165635 is divided by 373?
23
Calculate the remainder when 47866948 is divided by 5983367.
12
Calculate the remainder when 871435177 is divided by 1629.
1627
What is the remainder when 55189949 is divided by 27594967?
15
Calculate the remainder when 1904475 is divided by 183.
177
What is the remainder when 273585 is divided by 53236?
7405
Calculate the remainder when 410605 is divided by 728.
13
Calculate the remai